mmon divisor of 2037 and 2813873.
97
What is the highest common divisor of 80337 and 622383?
183
Calculate the highest common divisor of 609 and 682941.
21
Calculate the highest common factor of 185972 and 257108.
76
What is the greatest common factor of 58693914 and 4662?
666
Calculate the greatest common factor of 43617 and 5200272.
1407
What is the highest common divisor of 108 and 29791314?
54
What is the greatest common divisor of 2157120 and 1200?
240
What is the highest common divisor of 13 and 39695643?
13
Calculate the highest common factor of 24753 and 19365543.
669
What is the greatest common factor of 126255 and 19029065?
2215
What is the greatest common divisor of 322890 and 144?
6
Calculate the greatest common factor of 13725278 and 154.
14
What is the highest common divisor of 189629 and 3430561?
17239
What is the greatest common factor of 625128 and 47208?
168
What is the highest common factor of 11 and 189243461?
11
What is the highest common divisor of 37207868 and 4?
4
Calculate the greatest common divisor of 1744580499 and 4307.
4307
What is the highest common factor of 51599 and 281?
1
What is the highest common divisor of 61 and 63602626?
61
What is the greatest common factor of 3857 and 1370679?
19
Calculate the greatest common factor of 56911704 and 688.
344
What is the greatest common factor of 2999 and 222786713?
2999
Calculate the highest common factor of 502804 and 5595.
373
Calculate the greatest common divisor of 74890848 and 104408.
3368
Calculate the greatest common divisor of 335566714 and 3567.
1189
What is the highest common factor of 1122 and 299676?
102
What is the greatest common factor of 16 and 70281572?
4
Calculate the greatest common factor of 496 and 10730640.
16
Calculate the greatest common divisor of 46416 and 7668.
12
What is the highest common divisor of 3262182 and 759?
759
What is the greatest common factor of 493 and 569075?
17
Calculate the highest common factor of 91 and 630590051.
91
What is the highest common divisor of 66 and 22936038?
6
What is the highest common factor of 663 and 52683?
51
Calculate the greatest common divisor of 7525 and 51246755.
1505
Calculate the highest common divisor of 28460153 and 178.
89
What is the highest common divisor of 450819 and 180009?
1593
Calculate the greatest common factor of 612 and 43057668.
204
Calculate the greatest common factor of 609192 and 936.
72
Calculate the highest common divisor of 99467502 and 690.
138
What is the highest common divisor of 405 and 27439335?
45
What is the highest common divisor of 623 and 14604544?
89
Calculate the greatest common divisor of 1488190 and 2905.
415
What is the greatest common divisor of 300 and 313765500?
300
Calculate the highest common factor of 1620 and 468430776.
324
Calculate the highest common factor of 264 and 865016.
8
Calculate the greatest common divisor of 101095 and 1285.
5
Calculate the greatest common divisor of 537 and 1236353.
179
Calculate the highest common factor of 104017 and 22274860.
2537
What is the greatest common divisor of 2616 and 278945388?
1308
Calculate the greatest common divisor of 140 and 7218204.
28
Calculate the greatest common factor of 225 and 941130.
45
What is the greatest common divisor of 90919 and 118?
59
Calculate the highest common divisor of 437913 and 159132222.
8937
What is the highest common factor of 698000 and 89875?
125
What is the greatest common factor of 21 and 191430008?
7
What is the greatest common divisor of 485512 and 760?
8
Calculate the highest common factor of 1315914 and 192.
6
What is the highest common divisor of 10555 and 936754139?
2111
What is the greatest common divisor of 4 and 7573841?
1
What is the greatest common factor of 32302361 and 91?
91
What is the highest common divisor of 4749957 and 46369?
521
What is the highest common divisor of 382062414 and 1798?
1798
Calculate the highest common factor of 674040 and 2540.
20
What is the highest common divisor of 105 and 1021929?
3
What is the highest common factor of 744178295 and 35?
35
Calculate the highest common factor of 260050338 and 3402.
486
Calculate the greatest common factor of 4 and 6745556.
4
Calculate the highest common factor of 52332994 and 2030.
406
Calculate the highest common divisor of 58 and 33363311.
29
What is the greatest common factor of 58 and 47227834?
58
What is the greatest common divisor of 4171237 and 11277?
1253
Calculate the greatest common divisor of 250 and 119106010.
10
What is the greatest common factor of 148464 and 5808?
48
What is the greatest common divisor of 750263 and 4187?
79
Calculate the highest common factor of 119637 and 61.
1
What is the greatest common divisor of 576 and 277163928?
72
What is the greatest common divisor of 15 and 35100165?
15
Calculate the greatest common divisor of 5149090 and 20.
10
What is the greatest common factor of 220 and 2525985?
55
What is the greatest common factor of 528199 and 101199?
427
What is the greatest common factor of 144048 and 27792?
48
What is the greatest common factor of 16236518 and 1130?
226
Calculate the greatest common factor of 6921447 and 260.
13
Calculate the highest common divisor of 2232 and 1343943.
279
What is the highest common factor of 968 and 559383?
121
What is the greatest common factor of 317991690 and 18?
18
What is the greatest common divisor of 607484648 and 5106?
1702
Calculate the greatest common divisor of 110618 and 10943392.
1558
What is the highest common divisor of 133 and 501333?
7
What is the greatest common factor of 1861585893 and 29?
29
What is the highest common factor of 20022765 and 4830?
2415
Calculate the highest common factor of 204 and 271914320.
68
What is the highest common divisor of 29892 and 125981?
53
Calculate the highest common divisor of 242 and 448479361.
121
What is the highest common divisor of 504 and 20625444?
252
Calculate the greatest common factor of 11004 and 240894066.
5502
What is the greatest common factor of 66212275 and 199?
199
Calculate the greatest common divisor of 1344 and 38449600.
448
What is the highest common divisor of 1245 and 662565?
15
Calculate the greatest common factor of 195724584 and 20.
4
Calculate the greatest common factor of 973930 and 43810.
3370
What is the highest common divisor of 11856443 and 35196?
419
Calculate the greatest common divisor of 2932760 and 2826.
314
Calculate the highest common divisor of 34338 and 1523094.
582
Calculate the greatest common divisor of 265 and 14206385.
265
What is the greatest common factor of 749 and 867712006?
749
Calculate the greatest common factor of 618 and 133284266.
206
What is the highest common divisor of 65674550 and 100?
50
Calculate the greatest common divisor of 608 and 5770528.
608
Calculate the greatest common divisor of 1198 and 9817011.
599
Calculate the greatest common divisor of 3465350 and 660.
10
Calculate the greatest common factor of 2769 and 50679161.
923
Calculate the highest common factor of 14393 and 97.
1
What is the highest common divisor of 116 and 36933704?
116
Calculate the highest common factor of 34090320 and 3168.
528
Calculate the highest common factor of 199 and 647805894.
199
What is the greatest common factor of 473 and 8597941?
11
What is the highest common factor of 288331 and 6198016?
2201
What is the greatest common factor of 15 and 3821373?
3
Calculate the highest common factor of 131138 and 301948.
1102
What is the highest common factor of 7076502 and 369?
9
Calculate the greatest common divisor of 803 and 17825687.
11
Calculate the highest common factor of 2292352020 and 180.
180
Calculate the highest common factor of 30 and 63070290.
30
What is the greatest common divisor of 35070 and 7473584?
334
Calculate the highest common factor of 118862 and 462779.
103
Calculate the greatest common divisor of 27097 and 5225262.
343
What is the highest common divisor of 50024 and 11100?
148
Calculate the greatest common divisor of 324937 and 2547373.
1109
What is the greatest common divisor of 2542 and 17002632?
62
Calculate the greatest common factor of 417497 and 7729.
131
Calculate the highest common divisor of 77252082 and 2796.
1398
What is the greatest common factor of 309380 and 3587810?
4990
What is the greatest common facto